he remainder when 91 is divided by 55?
36
Calculate the remainder when 618 is divided by 77.
2
What is the remainder when 115 is divided by 43?
29
What is the remainder when 292 is divided by 8?
4
Calculate the remainder when 268 is divided by 38.
2
Calculate the remainder when 482 is divided by 148.
38
What is the remainder when 10059 is divided by 18?
15
What is the remainder when 369 is divided by 126?
117
Calculate the remainder when 206 is divided by 98.
10
What is the remainder when 126 is divided by 27?
18
What is the remainder when 498 is divided by 410?
88
What is the remainder when 50 is divided by 8?
2
What is the remainder when 155 is divided by 42?
29
What is the remainder when 2482 is divided by 71?
68
What is the remainder when 1332 is divided by 58?
56
What is the remainder when 401 is divided by 71?
46
Calculate the remainder when 151 is divided by 49.
4
What is the remainder when 530 is divided by 128?
18
What is the remainder when 83 is divided by 73?
10
Calculate the remainder when 611 is divided by 127.
103
Calculate the remainder when 2508 is divided by 193.
192
Calculate the remainder when 234 is divided by 225.
9
Calculate the remainder when 16 is divided by 5.
1
Calculate the remainder when 211 is divided by 193.
18
What is the remainder when 592 is divided by 138?
40
Calculate the remainder when 322 is divided by 54.
52
Calculate the remainder when 7415 is divided by 14.
9
Calculate the remainder when 9239 is divided by 14.
13
What is the remainder when 767 is divided by 192?
191
Calculate the remainder when 311 is divided by 12.
11
Calculate the remainder when 372 is divided by 364.
8
What is the remainder when 339 is divided by 33?
9
Calculate the remainder when 7133 is divided by 16.
13
What is the remainder when 101 is divided by 60?
41
Calculate the remainder when 130 is divided by 36.
22
What is the remainder when 2053 is divided by 13?
12
What is the remainder when 2196 is divided by 20?
16
What is the remainder when 51 is divided by 18?
15
Calculate the remainder when 2711 is divided by 31.
14
Calculate the remainder when 358 is divided by 15.
13
Calculate the remainder when 45 is divided by 6.
3
Calculate the remainder when 351 is divided by 94.
69
What is the remainder when 222 is divided by 38?
32
Calculate the remainder when 1628 is divided by 51.
47
Calculate the remainder when 981 is divided by 18.
9
What is the remainder when 242 is divided by 82?
78
What is the remainder when 508 is divided by 102?
100
Calculate the remainder when 100 is divided by 23.
8
Calculate the remainder when 968 is divided by 480.
8
Calculate the remainder when 47 is divided by 16.
15
Calculate the remainder when 8 is divided by 2.
0
What is the remainder when 3740 is divided by 129?
128
What is the remainder when 5969 is divided by 88?
73
What is the remainder when 1268 is divided by 47?
46
What is the remainder when 7164 is divided by 16?
12
What is the remainder when 1004 is divided by 241?
40
What is the remainder when 273 is divided by 23?
20
What is the remainder when 17 is divided by 2?
1
Calculate the remainder when 1431 is divided by 124.
67
What is the remainder when 141 is divided by 60?
21
Calculate the remainder when 222 is divided by 169.
53
What is the remainder when 701 is divided by 13?
12
Calculate the remainder when 713 is divided by 72.
65
Calculate the remainder when 4116 is divided by 142.
140
Calculate the remainder when 371 is divided by 31.
30
Calculate the remainder when 950 is divided by 310.
20
Calculate the remainder when 385 is divided by 17.
11
Calculate the remainder when 109 is divided by 28.
25
What is the remainder when 441 is divided by 240?
201
Calculate the remainder when 231 is divided by 57.
3
Calculate the remainder when 553 is divided by 41.
20
Calculate the remainder when 167 is divided by 17.
14
Calculate the remainder when 1307 is divided by 24.
11
What is the remainder when 348 is divided by 74?
52
Calculate the remainder when 718 is divided by 32.
14
What is the remainder when 2658 is divided by 188?
26
Calculate the remainder when 2246 is divided by 191.
145
What is the remainder when 41 is divided by 20?
1
Calculate the remainder when 119 is divided by 62.
57
Calculate the remainder when 603 is divided by 33.
9
Calculate the remainder when 221 is divided by 21.
11
What is the remainder when 248 is divided by 11?
6
What is the remainder when 873 is divided by 35?
33
What is the remainder when 235 is divided by 59?
58
Calculate the remainder when 1161 is divided by 387.
0
Calculate the remainder when 496 is divided by 149.
49
Calculate the remainder when 1569 is divided by 776.
17
Calculate the remainder when 665 is divided by 46.
21
Calculate the remainder when 41 is divided by 11.
8
Calculate the remainder when 1457 is divided by 146.
143
What is the remainder when 2747 is divided by 86?
81
Calculate the remainder when 258 is divided by 37.
36
Calculate the remainder when 311 is divided by 75.
11
What is the remainder when 211 is divided by 105?
1
What is the remainder when 3188 is divided by 139?
130
What is the remainder when 277 is divided by 90?
7
Calculate the remainder when 351 is divided by 326.
25
What is the remainder when 1734 is divided by 57?
24
Calculate the remainder when 107 is divided by 54.
53
What is the remainder when 215 is divided by 24?
23
Calculate the remainder when 1132 is divided by 102.
10
Calculate the remainder when 1099 is divided by 44.
43
What is the remainder when 241 is divided by 123?
118
What is the remainder when 434 is divided by 89?
78
Calculate the remainder when 164 is divided by 83.
81
What is the remainder when 4530 is divided by 27?
21
Calculate the remainder when 147 is divided by 79.
68
Calculate the remainder when 2163 is divided by 717.
12
What is the remainder when 152 is divided by 50?
2
What is the remainder when 915 is divided by 183?
0
What is the remainder when 317 is divided by 20?
17
What is the remainder when 133 is divided by 9?
7
Calculate the remainder when 140 is divided by 49.
42
Calculate the remainder when 624 is divided by 33.
30
Calculate the remainder when 115 is divided by 31.
22
What is the remainder when 1120 is divided by 11?
9
What is the remainder when 742 is divided by 34?
28
What is the remainder when 784 is divided by 37?
7
Calculate the remainder when 102 is divided by 56.
46
Calculate the remainder when 339 is divided by 134.
71
What is the remainder when 432 is divided by 90?
72
Calculate the remainder when 63209 is divided by 129.
128
What is the remainder when 845 is divided by 63?
26
What is the remainder when 51 is divided by 27?
24
What is the remainder when 133 is divided by 43?
4
What is the remainder when 402 is divided by 64?
18
Calculate the remainder when 270 is divided by 129.
12
Calculate the remainder when 281 is divided by 47.
46
What is the remainder when 124 is divided by 49?
26
What is the remainder when 418 is divided by 28?
26
Calculate the remainder when 161 is divided by 85.
76
Calculate the remainder when 539 is divided by 257.
25
What is the remainder when 31 is divided by 27?
4
What is the remainder when 269 is divided by 46?
39
What is the remainder when 167 is divided by 9?
5
What is the remainder when 272 is divided by 78?
38
What is the remainder when 110 is divided by 42?
26
What is the remainder when 259 is divided by 5?
4
What is the remainder when 3759 is divided by 14?
7
Calculate the remainder when 131 is divided by 22.
21
Calculate the remainder when 53 is divided by 8.
5
What is the remainder when 2437 is divided by 1209?
19
What is the remainder when 1934 is divided by 19?
15
What is the remainder when 4929 is divided by 36?
33
What is the remainder when 711 is divided by 711?
0
What is the remainder when 1141 is divided by 44?
41
What is the remainder when 8 is divided by 1?
0
What is the remainder when 149 is divided by 14?
9
What is the remainder when 397 is divided by 297?
100
What is the remainder when 1931 is divided by 1896?
35
What is the remainder when 415 is divided by 123?
46
What is the remainder when 582 is divided by 182?
36
What is the remainder when 407 is divided by 30?
17
Calculate the remainder when 213 is divided by 40.
13
Calculate the rem